= f**3 + 6*f**2 - 5*f - 9. Is y(w) prime?
False
Let x be (0 - 2) + -3 + 27. Let b = -47 + x. Let s = b - -236. Is s a composite number?
False
Suppose 0 = 3*q + 5*o - 62, 3*q - 2*q - 32 = 4*o. Suppose -16*x + 11*x - 50 = 0. Let s = q + x. Is s a prime number?
False
Suppose -6 = y - 20. Suppose -2*d + d = 2, -3*j + 2*d = y. Is 3 + j/1 - -24 composite?
True
Suppose 0 = r - 7*r + 7566. Is r a prime number?
False
Suppose -11599 = -14*i + 7*i. Is i a composite number?
False
Suppose -5*f + 5 = -10. Suppose 289 = 5*o - 2*g - 0*g, 0 = f*o - 3*g - 168. Is o a composite number?
False
Let f be -29 + (-3 - -6) + 0. Is (-386)/(-26) + (-4)/f a prime number?
False
Let k(w) = -2*w - 9. Let n be k(-6). Let z(b) = b**2 - 5*b - 1. Let t be z(n). Let g = 14 + t. Is g composite?
False
Let u(r) = r**2 - r - 6. Let f be u(-5). Suppose 0 = -3*a - a + f. Is 1*15 + (5 - a) a composite number?
True
Let w(g) = g**3 - g + 9. Let n be w(0). Let d be (-6)/27 - (-47)/n. Suppose 130 + 60 = d*t. Is t composite?
True
Let c = -2 + 10. Let z = -6 + c. Suppose b - 2 = z. Is b prime?
False
Let p(j) = -26*j - 1. Let u be p(-1). Is ((-20)/u)/((-2)/15) a composite number?
True
Suppose -a = -0*a - 34. Let p = a + 19. Is p a composite number?
False
Suppose 4*j + b = -36, j + 3*b + 16 = b. Let w = j + -1. Is (-169)/w - 2/(-9) prime?
True
Let k = -95 - -142. Is k a composite number?
False
Let r = 3 - 4. Is (-5 - r)*212/(-16) prime?
True
Suppose 4*i - 2*i - 7211 = -n, -2*i + 7229 = -5*n. Is i a prime number?
True
Suppose -d - 12 = 3*d. Let a(o) = o**3 + 12*o**2 + 9*o - 13. Let y be a(-11). Is d - (-3)/(y/51) a prime number?
False
Let g = 1667 - 408. Is g composite?
False
Let r(j) = -j**3 - 5*j**2 - 3*j - 3. Let w be r(-5). Suppose -5*a = -2*a - w. Suppose a*g = 359 + 285. Is g a prime number?
False
Let n be 1/(-3) + (-2)/(-6). Suppose -p + 0*p = n. Suppose 3*b - 2*b - 3 = p. Is b a prime number?
True
Let q(h) = -h**2 - 6*h + 4. Let m be q(-6). Suppose 29 = p - v, -31 + 178 = 5*p - m*v. Is p composite?
False
Suppose 3*c - 8*c - 5 = 0. Let b(q) = -45*q**3 + q**2. Is b(c) a composite number?
True
Let s(m) = m - 2. Let j be s(4). Is ((-5)/15)/(j/(-1074)) a prime number?
True
Let o = 1959 - 585. Suppose 3*d = -5*m + 4*m + 689, -5*d + o = 2*m. Is m composite?
False
Let l(o) = 39*o**2 - 6*o + 26. Is l(5) composite?
False
Let j be 3/6*0*-1. Suppose j = 3*c - 0*c. Suppose 2*f + f - 21 = c. Is f a prime number?
True
Let p(x) = -3*x**2 - x**3 - 2*x**2 + 3*x + 11 - 2*x**2 - 4. Is p(-8) composite?
False
Let j(b) = -b**3 - 8*b**2 - 7*b - 4. Let z be j(-8). Suppose -3*n - n + z = 0. Is 964/n - (-14)/(-91) a prime number?
False
Let d(s) = 2*s**3 - 2*s**2 - 3*s + 2. Let a be d(2). Suppose -f + 7 = -4*g + 15, 4*f - a*g - 4 = 0. Suppose -87 = -f*c + 3*c. Is c a prime number?
False
Suppose -2091 = -4*o - 587. Suppose -271 = n + 3*b - 75, 2*b - o = 2*n. Is (-2)/3 + n/(-6) composite?
False
Suppose -5*w + f + 1989 = 0, -5*w + 3*w = 4*f - 778. Is w composite?
False
Let k(i) = 4*i**2 - 15*i - 26. Is k(11) a composite number?
False
Let j(m) = m**2 + 10*m - 5. Let f be j(-10). Let c(t) = -279*t - 14. Is c(f) a prime number?
True
Let w be 19/7 - 4/(-14). Suppose 4*c = -5*o + w*o + 288, -c = 5*o - 684. Let z = o + -69. Is z composite?
False
Let d = 5 - 2. Suppose 0*z - 114 = -d*m + z, -z - 75 = -2*m. Is m prime?
False
Let b(x) = 8*x**2 + 2*x - 7. Suppose 5*k - 40 = -5*u, 2*u - 4*k - 10 = -u. Is b(u) a prime number?
True
Let k be (-2)/(2 + -2 - 2). Let f be 6/3 + 0 + k. Suppose 71 = f*j - 160. Is j prime?
False
Let u(f) = -f**3 + 13*f**2 + 2*f + 11. Is u(13) prime?
True
Let v = 162 + -97. Is v prime?
False
Let l(k) = -3 - 32*k + 12*k - 19*k + 1. Is l(-3) prime?
False
Let w(p) = p**3 - p**2 + 67. Is w(0) a composite number?
False
Let s = -8 - -13. Suppose 2*t + s - 3 = 0. Is -3*10/2*t prime?
False
Suppose 3*z - 394 + 65 = 5*d, 3*z + 2*d - 343 = 0. Is z a prime number?
True
Let b(c) = -45*c - 2. Is b(-1) prime?
True
Suppose -3*q + 1293 = -180. Is q a composite number?
False
Let w(o) = 2*o**3 + 11*o**2 + 13. Is w(8) composite?
False
Let z be (6/18)/((-3)/36). Is 4 - (z + -68 + -1) prime?
False
Let c(s) = 19*s**2 + 2*s - 1. Let d = -8 - -6. Is c(d) a composite number?
False
Suppose c = 5*q - 0 - 44, 4*c + 32 = 4*q. Let g = q - 0. Is g prime?
False
Suppose 3 = 5*n - 2. Suppose s - 14 = -n. Is s composite?
False
Suppose -4*g + 1815 + 725 = 0. Suppose 5*h - 304 = b - 2*b, -2*b - h + g = 0. Is b composite?
True
Suppose 7*w - 8857 - 3694 = 0. Is w prime?
False
Let s(k) = -k**2 - 4*k + 10. Let q(v) = v**2 + 5*v - 11. Let x(h) = -4*q(h) - 5*s(h). Is x(5) a composite number?
False
Suppose 106 = -4*h - 3*u, -5*h + 4*h + 5*u = 15. Is (-2)/(((-4)/h)/(-2)) prime?
False
Let l = 1 - 2. Is 3 + l + 41 + 0 prime?
True
Suppose 2*m - i - 3082 = 0, 4*i = -i + 20. Is m a composite number?
False
Suppose -d - d = -62. Suppose 3*x + g = -73, 5*g = x + 4*g + d. Let u = 36 + x. Is u a composite number?
True
Let o = -553 + 1044. Is o prime?
True
Is -382*(3 + 28/(-8)) a composite number?
False
Let x be 1*-2*4/(-4). Suppose 0 = x*v - 7*v + 175. Is v a composite number?
True
Let k(o) = 7*o - 1. Let u be k(-4). Let h = 47 + u. Let c = h + 3. Is c composite?
True
Suppose 0 = a, -r + 323 = a + a. Is r a composite number?
True
Let p(f) be the first derivative of -13*f**2 + 7*f + 3. Is p(-6) composite?
False
Let j(u) = -u**3 + 9*u**2 + 11*u - 10. Is j(9) a prime number?
True
Suppose 0 = -3*l + 119 - 14. Is l a composite number?
True
Let g = -2 - -5. Let q(r) = -r**3 + 2*r**2 + 4*r. Let o be q(g). Suppose 0 = -3*u + 4*v + 127, -o*u - 6*v = -2*v - 95. Is u a prime number?
True
Suppose 5*i - 465 = 2*i. Is i a composite number?
True
Suppose 4*i + 2*g + 15 = 3*g, -5*i - 2*g = 22. Let k(f) be the third derivative of -f**4/3 + f**3/3 - f**2. Is k(i) composite?
True
Suppose -5*v + 14 = -2*u, 3*u + 2*v = -2*u - 35. Let b = 12 - u. Is b prime?
True
Suppose 4*h = -1376 + 9916. Suppose -3*b + h = 2*b + 5*r, 2*b + 3*r = 859. Is b a composite number?
True
Let k = 93 - 260. Let r = 202 - k. Is r/7 + (-2)/(-7) a composite number?
False
Let a = -160 - -467. Is a composite?
False
Let q = -2 - -5. Suppose -3*k - 11 = -m, m + q = -1. Let t(r) = r**2 + r - 1. Is t(k) prime?
True
Let s(g) = 24*g**2 + 5*g + 1. Is s(-4) prime?
False
Let o(u) = -10*u - 5 + u**2 + 8 + 11. Let p(i) = -4*i + 2. Let z be p(-2). Is o(z) prime?
False
Let z be (4 + -3)/((-2)/(-50)). Suppose -3*j + 12 + z = 5*n, 3*j + 3*n = 45. Is j a prime number?
True
Let v(r) = 9*r**3 + r + 1. Let k be v(2). Suppose 0 = o - k - 88. Is o composite?
False
Suppose 3*d + 2 = 77. Let f = d + -11. Is f prime?
False
Let s(r) = -2*r**3 - r**2 + 16*r - 3. Let c(o) = -3*o**3 - o**2 + 24*o - 5. Let z(q) = -5*c(q) + 8*s(q). Is z(-7) composite?
True
Let k(c) = -c**2 + 11*c + 1. Let n be k(11). Is (-55)/(-10)*(11 - n) a prime number?
False
Let b(l) = -9 - l**2 + 2 + 0*l**2 + 8*l. Let m be b(6). Suppose m*a - a - 124 = 0. Is a prime?
True
Let v = -10 - -14. Suppose 0 = v*r + r - 455. Is r a composite number?
True
Let h(q) = -8*q + 5. Is h(-11) a composite number?
True
Let w be ((-12)/8)/(1/194). Is (-1 + 2)/((-3)/w) prime?
True
Let l(g) be the first derivative of 13*g**4/12 + g**3/6 + g**2 + 3. Let b(t) be the second derivative of l(t). Is b(2) a prime number?
True
Let r(m) = 9*m - 5. Suppose 0 = 2*z - 5*w - 0*w - 13, 0 = -4*z - 5*w + 11. Is r(z) composite?
False
Let f = -5 - -8. Suppose -j + f = 1. Is -2*((-158)/4 - j) prime?
True
Suppose -g + 2*j + 963 = -2*j, -4*g + 3828 = -4*j. Is g prime?
False
Let d(s) = -s**3 - 11*s**2 - 8*s + 7. Is d(-11) a prime number?
False
Suppose -5*r + 5*w - 2655 = 0, -r - 537 = -3*w + 5*w. Let i = -376 - r. Is i prime?
True
Let h be ((-6)/4)/(2/(-4)). Suppose -3*f + 2*f + h = 0. Suppose r + 5*a - 39 = 31, 0 = r - f*a - 46. Is r composite?
True
Is (-191)/(-1)*(-3 + 4) composite?
False
Let h(q) = -45*q - 26. Is h(-9) prime?
True
Let x(q) = -2*q + 2. Let c be x(-1). Suppose -c*v - 4*f + 155 = -89, 0 = -4*v + 4*f + 228. Is v a composite number?
False
Let s(j) = -2*j**3 - 8*j**2 + 5*j + 13. Is s(-10) composite?
False
Let x = -13 + 18. Suppose -x*y + 108 = -107. Is y prime?
True
Suppose 9*d = 27828 - 9297. Is d prime?
False
Suppose -8*n - 12 = -4*n. Let b(j) be the second derivative of -5*j**3/6 - j**2/2 